 + 2 - (-115 + 122)
-10
What is -4 - 16 - (-556 + 547)?
-11
What is -18 + 5 - (42 + -68)?
13
Evaluate 8 - ((4 - 7 - 1) + -3 + 3).
12
Evaluate (-17 - 43) + (22 - -8).
-30
What is 5 - (-20 + 6 + -4)?
23
-4 - (5 + -6) - (6 - 6 - -4)
-7
4 + 2 - (45 - 49)
10
Evaluate (42 - 19) + 2 + -12.
13
What is the value of (12 - 21 - -10) + -14 + 8 - -6?
1
(-35 + 17 - -15 - (1 + -15)) + -28
-17
Calculate (-1 - (6 - (6 - 14))) + 46.
31
6 - (121 + -112 - (6 + 1))
4
Evaluate 29 - (-1 + (9 - 2 - -2)).
21
Calculate -10 + (-119 - -112) + (6 - -2).
-9
What is -17 + (37 - (21 - 17)) - 12?
4
Calculate -5 + 10 + -6 + 3 + 3 + -3.
2
Calculate 7 + -2 + -14 + 14.
5
What is the value of -6 - (6 - (11 - 7 - 7))?
-15
What is the value of -1 - ((-18 - -39) + -4)?
-18
-5 + (-8 - 0 - -10) + 4
1
What is the value of 14 + -17 + (11 - -4 - 6)?
6
(-10 + -3 - -8) + -14 - -16
-3
What is the value of (0 - 4) + (-7 - -38) + -29?
-2
Calculate 5 + 0 + 5 + (-2 - 8) + -15.
-15
Calculate 0 + 2 - -6 - (41 - 37).
4
Calculate 3 - ((1 - -4) + -34 + 31 + 4).
-3
Calculate (-1 - (-5 - 1)) + (91 - 121) + -9.
-34
-5 - ((-5 - 6) + 10 - 12)
8
What is 45 + -10 + 26 + -58?
3
Calculate 1 + -1 - (16 + 0).
-16
Calculate -5 - 0 - (82 + -91).
4
What is the value of -27 + 12 + 40 - 14?
11
What is -7 + -5 + 29 + -12?
5
What is the value of 112 - 140 - (-40 + 7)?
5
What is the value of 22 + (4 - 2) + -2 - (95 + -92)?
19
What is -59 - (1 + -24) - -10?
-26
What is -37 + -25 + 54 - (3 - 0 - 6)?
-5
What is 1 + (-1 + 9 + 21 + -34 - -19)?
15
What is 25 - (13 - (7 + 13))?
32
What is the value of -15 + 2 + 13 + -6?
-6
What is (6 + (9 - 3) - -5) + 1?
18
What is the value of 53 + 0 + 223 + -224 - 11 - 5?
36
What is the value of 13 + (-12 + 18 - (-4 + 11 + -4))?
16
What is (7 - 3 - 3) + (3 - (25 + 4))?
-25
What is 3 + -19 + (-11 + 14 - 5)?
-18
What is -1 + -2 + (0 - -5) - -9?
11
15 + 1 - (2 + -3 - -5)
12
Evaluate -10 + 5 - (-3 - (-1 - 7)).
-10
(3 - -2) + 11 - 1
15
1 - (1 - 6 - -8) - -5
3
Calculate -12 + 16 + -9 - (-1 - 6) - 5.
-3
Evaluate (5 - 0) + (1 - 1) + -17 + 10.
-2
18 + -1 + (18 - 28)
7
38 + -45 + (22 - 6)
9
What is -47 + 19 + 17 - 17?
-28
What is the value of 1 - -2 - (2 + 2 - (94 + -102))?
-9
What is -7 + (0 - -6) + (-5 - (-2 + 5))?
-9
Evaluate 12 + (-3 + -1 - (-131 - -127)).
12
Evaluate 16 + -11 - (11 - (1 + -3)) - -42.
34
Calculate 3 - (-1 - 0) - (-1105 + 1119).
-10
What is the value of 21 + 2 + -4 + 0 + -9?
10
57 - (4 + (-33 - -58))
28
Calculate (11 - 0) + (-11 - (-6 + 1)).
5
3 + -5 + -4 + -2 + 6
-2
What is 2 + -8 - -3 - (1 + 4)?
-8
Evaluate -18 + 7 + -2 + (-5 - -4).
-14
What is the value of 1 + 6 + 6 + -13?
0
Evaluate -35 + 41 - ((0 - 3) + 21 + -1).
-11
What is the value of -6 - (11 - (9 - -6 - -6))?
4
-4 + 0 + (-2 - -2) - (544 + -557)
9
What is the value of -9 - (-13 + (7 - 14) + 7)?
4
5 + 2 - ((-12 - -19) + (1 - -11))
-12
Calculate 7 - 2 - -24 - (2 - -14).
13
What is (-6 - -1) + -2 + 2 + 0 + 0?
-5
What is the value of (5 - (-7 + 7) - 10) + -1?
-6
What is the value of -56 + 24 + -24 + 35?
-21
What is the value of 16 - 16 - 18 - -11?
-7
What is the value of 34 - (35 + -6 - -2)?
3
Calculate 1 - -3 - (-48 + 20 + 59).
-27
What is (-50 - -50) + (-2 - -37) + 0?
35
-19 + 30 + 31 - 24
18
What is the value of -9 - (-6 + -4) - -3?
4
Evaluate 15 - 33 - (-5 - 7 - -6).
-12
Calculate (-2 - 2) + -1 + -9 + (1 - -9).
-4
Calculate -1 - (8 + 8) - (-2 + 10 - -2).
-27
What is 4 + 2 + (-11 - (-2 + -12))?
9
What is (-5 - -33) + -32 + -25?
-29
10 + (-16 - (4 - 5)) - -14
9
Evaluate -4 - 0 - (18 - 27 - -5) - 26.
-26
Evaluate (14 - 12 - -3) + -10.
-5
What is the value of 23 + (54 + -25 - 39)?
13
What is the value of -3 - ((-1 - 17) + 13)?
2
Evaluate (2 - 5 - -18) + -34 + 34.
15
What is the value of -7 + 25 + -10 + -20 - -7?
-5
What is the value of (0 - (39 + -4)) + -22 + 34?
-23
What is the value of -89 + 85 - (-7 - 2 - 2)?
7
Calculate -20 + (-7 - (-11 + -5)) + -18.
-29
What is (4 - (-2 + -3 + 11) - -25) + 10?
33
What is (0 - 6) + (-29 - (-57 - -36))?
-14
What is the value of 0 - -8 - 1 - (19 + (-18 - -21))?
-15
Evaluate -7 + -4 + -10 - 3.
-24
What is the value of (16 - -17) + -13 + -5 + -3?
12
12 + (-1 + -7 - -3) + -11
-4
Calculate -8 + 17 + -8 - -2.
3
-6 - (331 + -333 + (0 - (-2 - -34)))
28
Calculate -35 - -41 - (7 + -23 + 1).
21
17 + (-2 + 12 - 18) - (1 - 0)
8
Evaluate 27 - (-24 + 7 + 51).
-7
What is 32 + -46 + (35 - 29)?
-8
What is -5 + 6 + 7 + -6 + 9?
11
(4 - 0 - 2) + 6 + -25
-17
What is -26 + 1 + -1 + (-97 - (-20 - 76))?
-27
What is the value of 3 + 82 + -83 + 0 + -4 + -2?
-4
What is (8 - (0 - -14)) + 1?
-5
What is the value of -16 + (26 - -12 - 19)?
3
What is 11 - -4 - ((53 - 4) + -7)?
-27
Calculate (0 - (2 - 4) - (-136 + 134)) + 7.
11
Evaluate -2 + 11 + -9 - (4 + -2 + -25).
23
What is the value of (35 - 8) + -14 - -1 - 3?
11
Calculate (-6 - (-3 + -12)) + -5 + 9.
13
Evaluate -400 + 385 - (-34 - -1).
18
Evaluate (2 - (-2 - -1)) + (27 - -6) + -29.
7
Evaluate -276 - -276 - (-1 - -1 - 17).
17
Calculate 12 + -22 - -15 - -5.
10
(11 - (7 + 12 - 4)) + 8 + -2
2
-11 - -18 - (-4 - -10 - 10)
11
Evaluate 7 + (-15 + 15 - 9).
-2
What is the value of (-9 - (-2 + (-8 - -16) - 7)) + 7?
-1
What is (-1 - (-5 - 0)) + (91 - 94)?
1
What is 5 + -3 + (34 - 24 - -4)?
16
Calculate -22 - (2 + -4 + 12 + -22).
-10
What is the value of (-5 + 3 - (-20 + 6)) + (19 - 23)?
8
What is the value of -7 - -20 - 10 - -13?
16
Calculate -2 - -6 - (-7 - (-10 + -5)).
-4
Evaluate (-16 - -34) + -12 + 14.
20
Evaluate (-13 - (5 - 2)) + 23.
7
What is the value of (-15 - (-23 + -3)) + -17?
-6
Evaluate (-7 - 15) + (-6 - (12 + (-22 - -11))).
-29
Evaluate (23 - 33) + (6 + -9 - 2).
-15
What is the value of (7 + 7 - 11) + 4?
7
Calculate -482 + 494 + (2 - 3).
11
Calculate (-43 - -38) + 12 + 8.
15
Calculate -15 + 18 + -16 + 8 + -10.
-15
What is 5 + -2 + (-4 - -6) + -16 + -2?
-13
Calculate (-1 - (2 - (-9 + 7))) + -2.
-7
Evaluate 14 - (-1 - (-8 + 9)).
16
Calculate 16 - 9 - 30 - (-12 + 8).
-19
(0 - 1 - -6) + -24 + 21 + 12
14
-20 - (-28 - -3) - (1 - 4)
8
What is 4 + -6 + 3 + -9?
-8
Calculate (4 - 17) + 5 + 0.
-8
-16 - (5 + 7 + -7 + 6)
-27
Evaluate -19 - (-15 + -12 - -9).
-1
Calculate -3 - (-3 + 6) - (39 + -46).
1
What is the value of (0 - -6 - (-60 + 71)) + 2?
-3
4 + (-2 - -1 - 1) - (217 - 213)
-2
What is 5 - 2 - (2 + -1 - (6 - -1))?
9
(-8 + 12 - (-1 + 10)) + 10 + -26
-21
Calculate -1 + 5 - (-503 + 510) - (0 + -9).
6
What is the value of 2 + (6 - 10) + -18 - -8?
-12
(-53 - -47) + (8 - 23)
-21
What is the value of 16 + -15 + 6 + (-3 - -3 - 4)?
3
12 - ((-19 - -19 - -17) + -12)
7
What is the value of 27 - (39 + -4 + 9)?
-17
Calculate 36 + -7 + (20 - 15).
34
What is the value of 9 + -2 + 1 - (-4 + 7 + 0)?
5
What is 6 + 0 + (20 - (29 + -7))?
4
Calculate (9 - (-2 + 3 + 17)) + -8.
-17
Evaluate -28 + -25 + 63 + -18.
-8
Calculate -5 + 11 - 15 - (3 + 0 - 3).
-9
What is 3 + -1 + 2 + (-10 - -15) + -11?
-2
What is (4 - -1) + (-20 - -8) + 1?
-6
-22 - (-34 + 11 - 17)
18
What is (42 + -19 - 11) + -27?
-15
What is the value of -1 + -1 - (3 + 4)?
-9
Evaluate (5 - (-4 - -11)) + -7 - (1 - -5).
-15
What is -62 + 35 - (-14 - 2)?
-11
Calculate (-2 - -6) + (-28 + -13 - -27).
-10
Calculate -20 - (7 + -9 + -22).
4
Calculate (-4 - (4 - 1 - (21 + -2))) + -4.
8
What is -2 + (-11 - -1) + 6 - (-1 - -5)?
-10
Evaluate -4 + -5 + (-50 - -60).
1
22 + -19 + 4 + -15
-8
Evaluate 2 + -3 + -8 - (-13 + -2).
6
What is 25 + (-1 - 2) + (-18 - (-12 + -3))?
19
Calculate -23 + 40 - 21 - (-20 - -1).
15
Evaluate 2 - ((-12 - 9) + 13).
10
Evaluate 1 + -7 - (-31 + 25).
0
What is -7 - (-10 - -6) - -6 - (-10 + 9)?
4
Calculate -25 + 3 + -19 - -27.
-14
Calculate 27 + -30 + 17 + -39.
-25
What is the value of 3 + 9 + 8 + (-5 - (5 + -6))?
16
What is 8 - -1 - (9 + (-8 - (0 - 3)))?
5
(-44 - -13 - -23) + 30
22
-36 + (14 - -29) + -36
-29
What is the value of 33 + -21 + (-8 - -5) + (-1 - -2)?
10
What is the value of -3 - 20 - ((51 - 34) + -7)?
-33
What is the value of (61 - 25) + -23 - 11?
2
Evaluate (-22 - -7) + 34 - 4 - 26.
-11
18 + -2 + 0 + -322 + 321 + 7
22
What is the value of 152 + -150 + (0 - 8) - (-2 + -18)?
14
1 - (4 - 4) - (0 - 8 - 0)
9
(34 - 26) + -11 + 3 + -27 - 2
-29
What is the value of (-3 - 17) + 13 - -25?
18
Calculate -6 + (-28 + 28 - 13).
-19
-6 - (7 - (-6 + (2 - -1) + 26))
10
What is the value of -2 - 2 - (3 + -12 + 7 - -5)?
-7
Cal